{"id":11656,"date":"2024-06-06T16:38:59","date_gmt":"2024-06-06T14:38:59","guid":{"rendered":"https:\/\/tera.nooostaging.com\/prodotti\/vesta\/"},"modified":"2024-06-12T17:32:45","modified_gmt":"2024-06-12T15:32:45","slug":"vesta","status":"publish","type":"products","link":"https:\/\/www.teraitaly.com\/fr\/prodotti\/vesta\/","title":{"rendered":"VESTA"},"content":{"rendered":"<p>Vesta est la jardini\u00e8re qui allie la tradition de la terre cuite au design contemporain. La terre cuite est un mat\u00e9riau qui offre \u00e0 la plante l&rsquo;habitat ad\u00e9quat pour respirer et cro\u00eetre comme dans la terre. La porosit\u00e9 naturelle du mat\u00e9riau cr\u00e9e un environnement propice \u00e0 la respiration et \u00e0 la croissance de la plante, en prot\u00e9geant les racines pendant les mois les plus froids et en les prot\u00e9geant de la chaleur excessive. Pour Vesta, vous pouvez choisir la couleur \u00ab terra viva \u00bb pour une nuance plus rouge, \u00ab terra tenue \u00bb pour une couleur plus neutre ou \u00ab terra grigia \u00bb pour un effet plus froid, afin de l\u2019assortir \u00e0 un style plus nordique.<\/p>\n","protected":false},"excerpt":{"rendered":"<p>Vesta est la jardini\u00e8re en terre cuite au design contemporain. L&rsquo;habitat id\u00e9al pour vos plantes !<\/p>\n","protected":false},"featured_media":21741,"template":"","collections":[711],"loghi":[],"class_list":["post-11656","products","type-products","status-publish","has-post-thumbnail","hentry","collections-maremma-fr","ambienti-outdoor-fr","ambienti-indoor-fr","materiali-terracotta-fr","colori-terra-grigia-fr","colori-terra-tenue-fr","colori-terra-viva-fr","design-terra-fr"],"acf":{"prodotto_fede":{"prodotto":[{"sku":"18206030510","nome":"VESTA 30 TERRA GRIGIA","collezione":"MAREMMA","materiale":"TERRE CUITE","descrizione":"Vesta est la jardini\u00e8re qui allie la tradition de la terre cuite au design contemporain. La terre cuite est un mat\u00e9riau qui offre \u00e0 la plante l'habitat ad\u00e9quat pour respirer et cro\u00eetre comme dans la terre. La porosit\u00e9 naturelle du mat\u00e9riau cr\u00e9e un environnement propice \u00e0 la respiration et \u00e0 la croissance de la plante, en prot\u00e9geant les racines pendant les mois les plus froids et en les prot\u00e9geant de la chaleur excessive. Pour Vesta, vous pouvez choisir la couleur \u00ab terra viva \u00bb pour une nuance plus rouge, \u00ab terra tenue \u00bb pour une couleur plus neutre ou \u00ab terra grigia \u00bb pour un effet plus froid, afin de l\u2019assortir \u00e0 un style plus nordique.","colore":"TERRA GRIGIA","pack":"","lunghezza":"30,5","profondita":"16","altezza":"15","litri":"3,7","adatto_per":""},{"sku":"18206030509","nome":"VESTA 30 TERRA TENUE","collezione":"MAREMMA","materiale":"TERRE CUITE","descrizione":"","colore":"TERRA TENUE","pack":"","lunghezza":"30,5","profondita":"16","altezza":"15","litri":"3,7","adatto_per":""},{"sku":"18206030508","nome":"VESTA 30 TERRA VIVA","collezione":"MAREMMA","materiale":"TERRE CUITE","descrizione":"","colore":"TERRA VIVA","pack":"","lunghezza":"30,5","profondita":"16","altezza":"15","litri":"3,7","adatto_per":""},{"sku":"18206040510","nome":"VESTA 40 TERRA GRIGIA","collezione":"MAREMMA","materiale":"TERRE CUITE","descrizione":"","colore":"TERRA GRIGIA","pack":"","lunghezza":"40,5","profondita":"18","altezza":"16,5","litri":"7,3","adatto_per":""},{"sku":"18206040509","nome":"VESTA 40 TERRA TENUE","collezione":"MAREMMA","materiale":"TERRE CUITE","descrizione":"","colore":"TERRA TENUE","pack":"","lunghezza":"40,5","profondita":"18","altezza":"16,5","litri":"7,3","adatto_per":""},{"sku":"18206040508","nome":"VESTA 40 TERRA VIVA","collezione":"MAREMMA","materiale":"TERRE CUITE","descrizione":"","colore":"TERRA VIVA","pack":"","lunghezza":"40,5","profondita":"18","altezza":"16,5","litri":"7,3","adatto_per":""},{"sku":"18206050510","nome":"VESTA 50 TERRA GRIGIA","collezione":"MAREMMA","materiale":"TERRE CUITE","descrizione":"","colore":"TERRA GRIGIA","pack":"","lunghezza":"50,5","profondita":"21","altezza":"18,5","litri":"12,9","adatto_per":""},{"sku":"18206050509","nome":"VESTA 50 TERRA TENUE","collezione":"MAREMMA","materiale":"TERRE CUITE","descrizione":"","colore":"TERRA TENUE","pack":"","lunghezza":"50,5","profondita":"21","altezza":"18,5","litri":"12,9","adatto_per":""},{"sku":"18206050508","nome":"VESTA 50 TERRA VIVA","collezione":"MAREMMA","materiale":"TERRE CUITE","descrizione":"","colore":"TERRA VIVA","pack":"","lunghezza":"50,5","profondita":"21","altezza":"18,5","litri":"12,9","adatto_per":""}],"elementi_descrittivi":"Les pots en terre cuite sont respirants, fabriqu\u00e9s en Italie \u00e0 partir de mat\u00e9riaux naturels.","ulteriori_informazioni":"\u00c9quip\u00e9 d'un trou au fond du pot pour permettre \u00e0 l'eau de s'\u00e9chapper.","nota":"","ambienti":[335,339],"loghi":false,"correlati":[7621,7680,7555,7601,7679,7574],"foto":[38428,38440,38450,38470,38485],"video":"","custom_order":""}},"_links":{"self":[{"href":"https:\/\/www.teraitaly.com\/fr\/wp-json\/wp\/v2\/products\/11656","targetHints":{"allow":["GET"]}}],"collection":[{"href":"https:\/\/www.teraitaly.com\/fr\/wp-json\/wp\/v2\/products"}],"about":[{"href":"https:\/\/www.teraitaly.com\/fr\/wp-json\/wp\/v2\/types\/products"}],"wp:featuredmedia":[{"embeddable":true,"href":"https:\/\/www.teraitaly.com\/fr\/wp-json\/wp\/v2\/media\/21741"}],"wp:attachment":[{"href":"https:\/\/www.teraitaly.com\/fr\/wp-json\/wp\/v2\/media?parent=11656"}],"wp:term":[{"taxonomy":"collections","embeddable":true,"href":"https:\/\/www.teraitaly.com\/fr\/wp-json\/wp\/v2\/collections?post=11656"},{"taxonomy":"ambienti","embeddable":true,"href":"https:\/\/www.teraitaly.com\/fr\/wp-json\/wp\/v2\/collections?post=11656"},{"taxonomy":"materiali","embeddable":true,"href":"https:\/\/www.teraitaly.com\/fr\/wp-json\/wp\/v2\/collections?post=11656"},{"taxonomy":"colori","embeddable":true,"href":"https:\/\/www.teraitaly.com\/fr\/wp-json\/wp\/v2\/collections?post=11656"},{"taxonomy":"design","embeddable":true,"href":"https:\/\/www.teraitaly.com\/fr\/wp-json\/wp\/v2\/collections?post=11656"},{"taxonomy":"loghi","embeddable":true,"href":"https:\/\/www.teraitaly.com\/fr\/wp-json\/wp\/v2\/loghi?post=11656"}],"curies":[{"name":"wp","href":"https:\/\/api.w.org\/{rel}","templated":true}]}}

<p>Vesta est la jardinière qui allie la tradition de la terre cuite au design contemporain. La terre cuite est un matériau qui offre à la plante l&rsquo;habitat adéquat pour respirer et croître comme dans la terre. La porosité naturelle du matériau crée un environnement propice à la respiration et à la croissance de la plante, en protégeant les racines pendant les mois les plus froids et en les protégeant de la chaleur excessive. Pour Vesta, vous pouvez choisir la couleur « terra viva » pour une nuance plus rouge, « terra tenue » pour une couleur plus neutre ou « terra grigia » pour un effet plus froid, afin de l’assortir à un style plus nordique.</p>

<p>Vesta est la jardinière en terre cuite au design contemporain. L&rsquo;habitat idéal pour vos plantes !</p>

Vesta est la jardinière qui allie la tradition de la terre cuite au design contemporain. La terre cuite est un matériau qui offre à la plante l'habitat adéquat pour respirer et croître comme dans la terre. La porosité naturelle du matériau crée un environnement propice à la respiration et à la croissance de la plante, en protégeant les racines pendant les mois les plus froids et en les protégeant de la chaleur excessive. Pour Vesta, vous pouvez choisir la couleur « terra viva » pour une nuance plus rouge, « terra tenue » pour une couleur plus neutre ou « terra grigia » pour un effet plus froid, afin de l’assortir à un style plus nordique.

Les pots en terre cuite sont respirants, fabriqués en Italie à partir de matériaux naturels.

Équipé d'un trou au fond du pot pour permettre à l'eau de s'échapper.
