{"id":11578,"date":"2024-06-06T16:38:35","date_gmt":"2024-06-06T14:38:35","guid":{"rendered":"https:\/\/tera.nooostaging.com\/prodotti\/paros-balcony-support\/"},"modified":"2024-06-12T17:32:32","modified_gmt":"2024-06-12T15:32:32","slug":"paros-balcony-support","status":"publish","type":"products","link":"https:\/\/www.teraitaly.com\/fr\/prodotti\/paros-balcony-support\/","title":{"rendered":"PAROS BALCONY SUPPORT"},"content":{"rendered":"<p>Paros Balcony Support de Tera vous aidera \u00e0 remplir votre balcon de beaut\u00e9 de nature ! Le kit m\u00e9tallique est con\u00e7u pour suspendre la jardini\u00e8re Paros de mani\u00e8re pratique et s\u00fbre sur votre balcon.<\/p>\n","protected":false},"excerpt":{"rendered":"<p>Kit m\u00e9tallique pour suspendre la jardini\u00e8re Paros sur votre balcon.<\/p>\n","protected":false},"featured_media":0,"template":"","collections":[710],"loghi":[],"class_list":["post-11578","products","type-products","status-publish","hentry","collections-accessories-fr","ambienti-outdoor-fr","design-tera-fr"],"acf":{"prodotto_fede":{"prodotto":[{"sku":"10929000000","nome":"PAROS BALCONY SUPPORT 405060","collezione":"ACCESSORIES","materiale":"","descrizione":"Paros Balcony Support de Tera vous aidera \u00e0 remplir votre balcon de beaut\u00e9 de nature ! Le kit m\u00e9tallique est con\u00e7u pour suspendre la jardini\u00e8re Paros de mani\u00e8re pratique et s\u00fbre sur votre balcon.","colore":"","pack":"405060","lunghezza":"","profondita":"","altezza":"","litri":"","adatto_per":""}],"elementi_descrittivi":"","ulteriori_informazioni":"","nota":"","ambienti":[339],"loghi":false,"correlati":[7639,7569,7641,7638,7715,7614],"foto":[57641,57651,57666,57681],"video":"","custom_order":""}},"_links":{"self":[{"href":"https:\/\/www.teraitaly.com\/fr\/wp-json\/wp\/v2\/products\/11578","targetHints":{"allow":["GET"]}}],"collection":[{"href":"https:\/\/www.teraitaly.com\/fr\/wp-json\/wp\/v2\/products"}],"about":[{"href":"https:\/\/www.teraitaly.com\/fr\/wp-json\/wp\/v2\/types\/products"}],"wp:attachment":[{"href":"https:\/\/www.teraitaly.com\/fr\/wp-json\/wp\/v2\/media?parent=11578"}],"wp:term":[{"taxonomy":"collections","embeddable":true,"href":"https:\/\/www.teraitaly.com\/fr\/wp-json\/wp\/v2\/collections?post=11578"},{"taxonomy":"ambienti","embeddable":true,"href":"https:\/\/www.teraitaly.com\/fr\/wp-json\/wp\/v2\/collections?post=11578"},{"taxonomy":"materiali","embeddable":true,"href":"https:\/\/www.teraitaly.com\/fr\/wp-json\/wp\/v2\/collections?post=11578"},{"taxonomy":"colori","embeddable":true,"href":"https:\/\/www.teraitaly.com\/fr\/wp-json\/wp\/v2\/collections?post=11578"},{"taxonomy":"design","embeddable":true,"href":"https:\/\/www.teraitaly.com\/fr\/wp-json\/wp\/v2\/collections?post=11578"},{"taxonomy":"loghi","embeddable":true,"href":"https:\/\/www.teraitaly.com\/fr\/wp-json\/wp\/v2\/loghi?post=11578"}],"curies":[{"name":"wp","href":"https:\/\/api.w.org\/{rel}","templated":true}]}}

<p>Paros Balcony Support de Tera vous aidera à remplir votre balcon de beauté de nature ! Le kit métallique est conçu pour suspendre la jardinière Paros de manière pratique et sûre sur votre balcon.</p>

<p>Kit métallique pour suspendre la jardinière Paros sur votre balcon.</p>

Paros Balcony Support de Tera vous aidera à remplir votre balcon de beauté de nature ! Le kit métallique est conçu pour suspendre la jardinière Paros de manière pratique et sûre sur votre balcon.
