{"id":12028,"date":"2024-06-06T16:38:59","date_gmt":"2024-06-06T14:38:59","guid":{"rendered":"https:\/\/tera.nooostaging.com\/prodotti\/vega\/"},"modified":"2026-01-15T16:17:29","modified_gmt":"2026-01-15T15:17:29","slug":"vega","status":"publish","type":"products","link":"https:\/\/www.teraitaly.com\/es\/prodotti\/vega\/","title":{"rendered":"VEGA"},"content":{"rendered":"<p>\u00a1Vega es la jardinera toda en una! El plato incorporado completa este macetero siguiendo l\u00edneas modernas y refinadas. En el fondo se recoge el agua excedente que ser\u00e1 transferida a la planta cuando \u00e9sta lo necesitar\u00e1. Tambi\u00e9n el acabado de esta maceta captura la atenci\u00f3n y la convierte en una maceta de dise\u00f1o \u00a1particularmente intrigante! Divi\u00e9rtete a escoger los tonos que mas te intrigan en esta paleta de colores \u00a1de tonos sorprendentes!<\/p>\n","protected":false},"excerpt":{"rendered":"<p>Vega es el macetero de l\u00edneas modernas y refinadas, perfecto para tus espacios interiores y exteriores.<\/p>\n","protected":false},"featured_media":21733,"template":"","collections":[962],"loghi":[978],"class_list":["post-12028","products","type-products","status-publish","has-post-thumbnail","hentry","collections-astra-es","ambienti-indoor-es","ambienti-outdoor-es-2","materiali-plastica-es","colori-ash-es","colori-blush-es","colori-caramel-es","colori-cloud-es","colori-fog-grey-es","colori-forest-es","colori-oversea-es","design-joevelluto-studio-es","loghi-psv-es"],"acf":{"prodotto_fede":{"prodotto":[{"sku":"30519040005","nome":"VEGA 40 ASH","collezione":"ASTRA","materiale":"PLASTICA","descrizione":"\u00a1Vega es la jardinera toda en una! El plato incorporado completa este macetero siguiendo l\u00edneas modernas y refinadas. En el fondo se recoge el agua excedente que ser\u00e1 transferida a la planta cuando \u00e9sta lo necesitar\u00e1. Tambi\u00e9n el acabado de esta maceta captura la atenci\u00f3n y la convierte en una maceta de dise\u00f1o \u00a1particularmente intrigante! Divi\u00e9rtete a escoger los tonos que mas te intrigan en esta paleta de colores \u00a1de tonos sorprendentes!","colore":"ASH","pack":"","lunghezza":"40","profondita":"19","altezza":"18","litri":"8","adatto_per":""},{"sku":"30519040276","nome":"VEGA 40 BLUSH","collezione":"ASTRA","materiale":"PLASTICA","descrizione":"\u00a1Vega es la jardinera toda en una! El plato incorporado completa este macetero siguiendo l\u00edneas modernas y refinadas. En el fondo se recoge el agua excedente que ser\u00e1 transferida a la planta cuando \u00e9sta lo necesitar\u00e1. Tambi\u00e9n el acabado de esta maceta captura la atenci\u00f3n y la convierte en una maceta de dise\u00f1o \u00a1particularmente intrigante! Divi\u00e9rtete a escoger los tonos que mas te intrigan en esta paleta de colores \u00a1de tonos sorprendentes!","colore":"BLUSH","pack":"","lunghezza":"40","profondita":"19","altezza":"18","litri":"8","adatto_per":""},{"sku":"30519040279","nome":"VEGA 40 CARAMEL","collezione":"ASTRA","materiale":"PLASTICA","descrizione":"\u00a1Vega es la jardinera toda en una! El plato incorporado completa este macetero siguiendo l\u00edneas modernas y refinadas. En el fondo se recoge el agua excedente que ser\u00e1 transferida a la planta cuando \u00e9sta lo necesitar\u00e1. Tambi\u00e9n el acabado de esta maceta captura la atenci\u00f3n y la convierte en una maceta de dise\u00f1o \u00a1particularmente intrigante! Divi\u00e9rtete a escoger los tonos que mas te intrigan en esta paleta de colores \u00a1de tonos sorprendentes!","colore":"CARAMEL","pack":"","lunghezza":"40","profondita":"19","altezza":"18","litri":"8","adatto_per":""},{"sku":"30519040271","nome":"VEGA 40 CLOUD","collezione":"ASTRA","materiale":"PLASTICA","descrizione":"\u00a1Vega es la jardinera toda en una! El plato incorporado completa este macetero siguiendo l\u00edneas modernas y refinadas. En el fondo se recoge el agua excedente que ser\u00e1 transferida a la planta cuando \u00e9sta lo necesitar\u00e1. Tambi\u00e9n el acabado de esta maceta captura la atenci\u00f3n y la convierte en una maceta de dise\u00f1o \u00a1particularmente intrigante! Divi\u00e9rtete a escoger los tonos que mas te intrigan en esta paleta de colores \u00a1de tonos sorprendentes!","colore":"CLOUD","pack":"","lunghezza":"40","profondita":"19","altezza":"18","litri":"8","adatto_per":""},{"sku":"30519040414","nome":"VEGA 40 FOG GREY","collezione":"ASTRA","materiale":"PLASTICA","descrizione":"\u00a1Vega es la jardinera toda en una! El plato incorporado completa este macetero siguiendo l\u00edneas modernas y refinadas. En el fondo se recoge el agua excedente que ser\u00e1 transferida a la planta cuando \u00e9sta lo necesitar\u00e1. Tambi\u00e9n el acabado de esta maceta captura la atenci\u00f3n y la convierte en una maceta de dise\u00f1o \u00a1particularmente intrigante! Divi\u00e9rtete a escoger los tonos que mas te intrigan en esta paleta de colores \u00a1de tonos sorprendentes!","colore":"FOG GREY","pack":"","lunghezza":"40","profondita":"19","altezza":"18","litri":"8","adatto_per":""},{"sku":"30519040239","nome":"VEGA 40 FOREST","collezione":"ASTRA","materiale":"PLASTICA","descrizione":"\u00a1Vega es la jardinera toda en una! El plato incorporado completa este macetero siguiendo l\u00edneas modernas y refinadas. En el fondo se recoge el agua excedente que ser\u00e1 transferida a la planta cuando \u00e9sta lo necesitar\u00e1. Tambi\u00e9n el acabado de esta maceta captura la atenci\u00f3n y la convierte en una maceta de dise\u00f1o \u00a1particularmente intrigante! Divi\u00e9rtete a escoger los tonos que mas te intrigan en esta paleta de colores \u00a1de tonos sorprendentes!","colore":"FOREST","pack":"","lunghezza":"40","profondita":"19","altezza":"18","litri":"8","adatto_per":""},{"sku":"30519040278","nome":"VEGA 40 OVERSEA","collezione":"ASTRA","materiale":"PLASTICA","descrizione":"\u00a1Vega es la jardinera toda en una! El plato incorporado completa este macetero siguiendo l\u00edneas modernas y refinadas. En el fondo se recoge el agua excedente que ser\u00e1 transferida a la planta cuando \u00e9sta lo necesitar\u00e1. Tambi\u00e9n el acabado de esta maceta captura la atenci\u00f3n y la convierte en una maceta de dise\u00f1o \u00a1particularmente intrigante! Divi\u00e9rtete a escoger los tonos que mas te intrigan en esta paleta de colores \u00a1de tonos sorprendentes!","colore":"OVERSEA","pack":"","lunghezza":"40","profondita":"19","altezza":"18","litri":"8","adatto_per":""}],"elementi_descrittivi":"pl\u00e1stico reciclado procedente de residuos urbanos, uso interior\/exterior, resistente a las bajas temperaturas y en los climas m\u00e1s c\u00e1lidos, ligero","ulteriori_informazioni":"Con plato incluido para recoger el agua excedente dej\u00e1ndola a disposici\u00f3n de la planta. Est\u00e1 incluido el soporte anticurva a enganchar entre las paredes m\u00e1s largas.","nota":"","ambienti":[18,19],"loghi":[978],"correlati":[7636,7554,7678,7639,7628,7569],"foto":[3904,3895,3916,3910,3919,26070,26075,26080,26085,26090,26095,26100],"video":"","custom_order":21}},"_links":{"self":[{"href":"https:\/\/www.teraitaly.com\/es\/wp-json\/wp\/v2\/products\/12028","targetHints":{"allow":["GET"]}}],"collection":[{"href":"https:\/\/www.teraitaly.com\/es\/wp-json\/wp\/v2\/products"}],"about":[{"href":"https:\/\/www.teraitaly.com\/es\/wp-json\/wp\/v2\/types\/products"}],"wp:featuredmedia":[{"embeddable":true,"href":"https:\/\/www.teraitaly.com\/es\/wp-json\/wp\/v2\/media\/21733"}],"wp:attachment":[{"href":"https:\/\/www.teraitaly.com\/es\/wp-json\/wp\/v2\/media?parent=12028"}],"wp:term":[{"taxonomy":"collections","embeddable":true,"href":"https:\/\/www.teraitaly.com\/es\/wp-json\/wp\/v2\/collections?post=12028"},{"taxonomy":"ambienti","embeddable":true,"href":"https:\/\/www.teraitaly.com\/es\/wp-json\/wp\/v2\/collections?post=12028"},{"taxonomy":"materiali","embeddable":true,"href":"https:\/\/www.teraitaly.com\/es\/wp-json\/wp\/v2\/collections?post=12028"},{"taxonomy":"colori","embeddable":true,"href":"https:\/\/www.teraitaly.com\/es\/wp-json\/wp\/v2\/collections?post=12028"},{"taxonomy":"design","embeddable":true,"href":"https:\/\/www.teraitaly.com\/es\/wp-json\/wp\/v2\/collections?post=12028"},{"taxonomy":"loghi","embeddable":true,"href":"https:\/\/www.teraitaly.com\/es\/wp-json\/wp\/v2\/loghi?post=12028"}],"curies":[{"name":"wp","href":"https:\/\/api.w.org\/{rel}","templated":true}]}}

<p>¡Vega es la jardinera toda en una! El plato incorporado completa este macetero siguiendo líneas modernas y refinadas. En el fondo se recoge el agua excedente que será transferida a la planta cuando ésta lo necesitará. También el acabado de esta maceta captura la atención y la convierte en una maceta de diseño ¡particularmente intrigante! Diviértete a escoger los tonos que mas te intrigan en esta paleta de colores ¡de tonos sorprendentes!</p>

<p>Vega es el macetero de líneas modernas y refinadas, perfecto para tus espacios interiores y exteriores.</p>

¡Vega es la jardinera toda en una! El plato incorporado completa este macetero siguiendo líneas modernas y refinadas. En el fondo se recoge el agua excedente que será transferida a la planta cuando ésta lo necesitará. También el acabado de esta maceta captura la atención y la convierte en una maceta de diseño ¡particularmente intrigante! Diviértete a escoger los tonos que mas te intrigan en esta paleta de colores ¡de tonos sorprendentes!

plástico reciclado procedente de residuos urbanos, uso interior/exterior, resistente a las bajas temperaturas y en los climas más cálidos, ligero

Con plato incluido para recoger el agua excedente dejándola a disposición de la planta. Está incluido el soporte anticurva a enganchar entre las paredes más largas.
