{"id":12023,"date":"2024-06-06T16:38:54","date_gmt":"2024-06-06T14:38:54","guid":{"rendered":"https:\/\/tera.nooostaging.com\/prodotti\/trama-002\/"},"modified":"2024-06-12T17:30:42","modified_gmt":"2024-06-12T15:30:42","slug":"trama-002","status":"publish","type":"products","link":"https:\/\/www.teraitaly.com\/es\/prodotti\/trama-002\/","title":{"rendered":"TRAMA 002"},"content":{"rendered":"<p>\u00bfTe gustar\u00eda cultivar fruta y verdura en autonom\u00eda y a km cero? Trama \u00a1es el dise\u00f1o que se adapta a ti! D\u00e9jate inspirar y estimula tus sentidos dedic\u00e1ndote a tu pasi\u00f3n por el huerto incluso, y sobre toso, si vives en la ciudad. El impacto positivo la jardiner\u00eda y el cultivo tienen en tu esp\u00edritu y en tu cuerpo dona un efecto terap\u00e9utico y ayuda a mitigar estr\u00e9s y presiones cotidianas.<\/p>\n<p> Las macetas y las jardineras Trama son f\u00e1ciles de montar gracias al sistema de encaje. Te bastar\u00e1 enganchar entre ellos los componentes siguiendo las instrucciones presentes en el interior de la caja. Si no ser\u00e1 suficiente podr\u00e1s hacerte ayudar con el v\u00eddeo tutorial presente en nuestro canal youtube Tera  Recycled Pots.<br \/>\n Trama cuenta con reserva de agua: una rejilla posicionada en el fondo de la maceta que recoge el agua excedente y la transfiere a la planta por \u00f3smosis. Podr\u00e1s combinar el indicador de nivel para controlar el nivel del agua presente en la reserva y a\u00f1adir las ruedas retr\u00e1ctiles para facilitar los desplazamientos incluso de las macetas m\u00e1s grandes.<br \/>\n \u00bfLa superficie en el suelo no es perfectamente recta? No te preocupes: cada modelo Trama est\u00e1 dotado de cuatro pies de regulaci\u00f3n que ayudan a corregir el posicionamiento de la maceta en cualquier tipo de superficie.<\/p>\n","protected":false},"excerpt":{"rendered":"<p>La jardinera modular Trama, amplia y funcional, es la ideal para transformar tu hogar \u00a1en un refugio verde!<\/p>\n","protected":false},"featured_media":25977,"template":"","collections":[709],"loghi":[],"class_list":["post-12023","products","type-products","status-publish","has-post-thumbnail","hentry","collections-trama-es","ambienti-outdoor-es","materiali-plastica-es","colori-almond-es","colori-ash-es","colori-moka-es","colori-snow-es","design-tera-es"],"acf":{"prodotto_fede":{"prodotto":[{"sku":"12718100319","nome":"TRAMA 002 ALMOND","collezione":"TRAMA","materiale":"PL\u00c1STICO","descrizione":"\u00bfTe gustar\u00eda cultivar fruta y verdura en autonom\u00eda y a km cero? Trama \u00a1es el dise\u00f1o que se adapta a ti! D\u00e9jate inspirar y estimula tus sentidos dedic\u00e1ndote a tu pasi\u00f3n por el huerto incluso, y sobre toso, si vives en la ciudad. El impacto positivo la jardiner\u00eda y el cultivo tienen en tu esp\u00edritu y en tu cuerpo dona un efecto terap\u00e9utico y ayuda a mitigar estr\u00e9s y presiones cotidianas.\n \n Las macetas y las jardineras Trama son f\u00e1ciles de montar gracias al sistema de encaje. Te bastar\u00e1 enganchar entre ellos los componentes siguiendo las instrucciones presentes en el interior de la caja. Si no ser\u00e1 suficiente podr\u00e1s hacerte ayudar con el v\u00eddeo tutorial presente en nuestro canal youtube Tera  Recycled Pots.\n Trama cuenta con reserva de agua: una rejilla posicionada en el fondo de la maceta que recoge el agua excedente y la transfiere a la planta por \u00f3smosis. Podr\u00e1s combinar el indicador de nivel para controlar el nivel del agua presente en la reserva y a\u00f1adir las ruedas retr\u00e1ctiles para facilitar los desplazamientos incluso de las macetas m\u00e1s grandes.\n \u00bfLa superficie en el suelo no es perfectamente recta? No te preocupes: cada modelo Trama est\u00e1 dotado de cuatro pies de regulaci\u00f3n que ayudan a corregir el posicionamiento de la maceta en cualquier tipo de superficie.","colore":"ALMOND","pack":"","lunghezza":"100","profondita":"42","altezza":"40","litri":"100","adatto_per":""},{"sku":"12718100005","nome":"TRAMA 002 ASH","collezione":"TRAMA","materiale":"PL\u00c1STICO","descrizione":"\u00bfTe gustar\u00eda cultivar fruta y verdura en autonom\u00eda y a km cero? Trama \u00a1es el dise\u00f1o que se adapta a ti! D\u00e9jate inspirar y estimula tus sentidos dedic\u00e1ndote a tu pasi\u00f3n por el huerto incluso, y sobre toso, si vives en la ciudad. El impacto positivo la jardiner\u00eda y el cultivo tienen en tu esp\u00edritu y en tu cuerpo dona un efecto terap\u00e9utico y ayuda a mitigar estr\u00e9s y presiones cotidianas.\n \n Las macetas y las jardineras Trama son f\u00e1ciles de montar gracias al sistema de encaje. Te bastar\u00e1 enganchar entre ellos los componentes siguiendo las instrucciones presentes en el interior de la caja. Si no ser\u00e1 suficiente podr\u00e1s hacerte ayudar con el v\u00eddeo tutorial presente en nuestro canal youtube Tera  Recycled Pots.\n Trama cuenta con reserva de agua: una rejilla posicionada en el fondo de la maceta que recoge el agua excedente y la transfiere a la planta por \u00f3smosis. Podr\u00e1s combinar el indicador de nivel para controlar el nivel del agua presente en la reserva y a\u00f1adir las ruedas retr\u00e1ctiles para facilitar los desplazamientos incluso de las macetas m\u00e1s grandes.\n \u00bfLa superficie en el suelo no es perfectamente recta? No te preocupes: cada modelo Trama est\u00e1 dotado de cuatro pies de regulaci\u00f3n que ayudan a corregir el posicionamiento de la maceta en cualquier tipo de superficie.","colore":"ASH","pack":"","lunghezza":"100","profondita":"42","altezza":"40","litri":"100","adatto_per":""},{"sku":"12718100002","nome":"TRAMA 002 DARK FOREST","collezione":"TRAMA","materiale":"PL\u00c1STICO","descrizione":"\u00bfTe gustar\u00eda cultivar fruta y verdura en autonom\u00eda y a km cero? Trama \u00a1es el dise\u00f1o que se adapta a ti! D\u00e9jate inspirar y estimula tus sentidos dedic\u00e1ndote a tu pasi\u00f3n por el huerto incluso, y sobre toso, si vives en la ciudad. El impacto positivo la jardiner\u00eda y el cultivo tienen en tu esp\u00edritu y en tu cuerpo dona un efecto terap\u00e9utico y ayuda a mitigar estr\u00e9s y presiones cotidianas.\n \n Las macetas y las jardineras Trama son f\u00e1ciles de montar gracias al sistema de encaje. Te bastar\u00e1 enganchar entre ellos los componentes siguiendo las instrucciones presentes en el interior de la caja. Si no ser\u00e1 suficiente podr\u00e1s hacerte ayudar con el v\u00eddeo tutorial presente en nuestro canal youtube Tera  Recycled Pots.\n Trama cuenta con reserva de agua: una rejilla posicionada en el fondo de la maceta que recoge el agua excedente y la transfiere a la planta por \u00f3smosis. Podr\u00e1s combinar el indicador de nivel para controlar el nivel del agua presente en la reserva y a\u00f1adir las ruedas retr\u00e1ctiles para facilitar los desplazamientos incluso de las macetas m\u00e1s grandes.\n \u00bfLa superficie en el suelo no es perfectamente recta? No te preocupes: cada modelo Trama est\u00e1 dotado de cuatro pies de regulaci\u00f3n que ayudan a corregir el posicionamiento de la maceta en cualquier tipo de superficie.","colore":"DARK FOREST","pack":"","lunghezza":"100","profondita":"42","altezza":"40","litri":"100","adatto_per":""},{"sku":"12718100320","nome":"TRAMA 002 MOKA","collezione":"TRAMA","materiale":"PL\u00c1STICO","descrizione":"\u00bfTe gustar\u00eda cultivar fruta y verdura en autonom\u00eda y a km cero? Trama \u00a1es el dise\u00f1o que se adapta a ti! D\u00e9jate inspirar y estimula tus sentidos dedic\u00e1ndote a tu pasi\u00f3n por el huerto incluso, y sobre toso, si vives en la ciudad. El impacto positivo la jardiner\u00eda y el cultivo tienen en tu esp\u00edritu y en tu cuerpo dona un efecto terap\u00e9utico y ayuda a mitigar estr\u00e9s y presiones cotidianas.\n \n Las macetas y las jardineras Trama son f\u00e1ciles de montar gracias al sistema de encaje. Te bastar\u00e1 enganchar entre ellos los componentes siguiendo las instrucciones presentes en el interior de la caja. Si no ser\u00e1 suficiente podr\u00e1s hacerte ayudar con el v\u00eddeo tutorial presente en nuestro canal youtube Tera  Recycled Pots.\n Trama cuenta con reserva de agua: una rejilla posicionada en el fondo de la maceta que recoge el agua excedente y la transfiere a la planta por \u00f3smosis. Podr\u00e1s combinar el indicador de nivel para controlar el nivel del agua presente en la reserva y a\u00f1adir las ruedas retr\u00e1ctiles para facilitar los desplazamientos incluso de las macetas m\u00e1s grandes.\n \u00bfLa superficie en el suelo no es perfectamente recta? No te preocupes: cada modelo Trama est\u00e1 dotado de cuatro pies de regulaci\u00f3n que ayudan a corregir el posicionamiento de la maceta en cualquier tipo de superficie.","colore":"MOKA","pack":"","lunghezza":"100","profondita":"42","altezza":"40","litri":"100","adatto_per":""},{"sku":"12718100311","nome":"TRAMA 002 SNOW","collezione":"TRAMA","materiale":"PL\u00c1STICO","descrizione":"\u00bfTe gustar\u00eda cultivar fruta y verdura en autonom\u00eda y a km cero? Trama \u00a1es el dise\u00f1o que se adapta a ti! D\u00e9jate inspirar y estimula tus sentidos dedic\u00e1ndote a tu pasi\u00f3n por el huerto incluso, y sobre toso, si vives en la ciudad. El impacto positivo la jardiner\u00eda y el cultivo tienen en tu esp\u00edritu y en tu cuerpo dona un efecto terap\u00e9utico y ayuda a mitigar estr\u00e9s y presiones cotidianas.\n \n Las macetas y las jardineras Trama son f\u00e1ciles de montar gracias al sistema de encaje. Te bastar\u00e1 enganchar entre ellos los componentes siguiendo las instrucciones presentes en el interior de la caja. Si no ser\u00e1 suficiente podr\u00e1s hacerte ayudar con el v\u00eddeo tutorial presente en nuestro canal youtube Tera  Recycled Pots.\n Trama cuenta con reserva de agua: una rejilla posicionada en el fondo de la maceta que recoge el agua excedente y la transfiere a la planta por \u00f3smosis. Podr\u00e1s combinar el indicador de nivel para controlar el nivel del agua presente en la reserva y a\u00f1adir las ruedas retr\u00e1ctiles para facilitar los desplazamientos incluso de las macetas m\u00e1s grandes.\n \u00bfLa superficie en el suelo no es perfectamente recta? No te preocupes: cada modelo Trama est\u00e1 dotado de cuatro pies de regulaci\u00f3n que ayudan a corregir el posicionamiento de la maceta en cualquier tipo de superficie.","colore":"SNOW","pack":"","lunghezza":"","profondita":"","altezza":"","litri":"","adatto_per":""}],"elementi_descrittivi":"reciclable, uso interiores, resistente a bajas temperaturas y en los per\u00edodos m\u00e1s c\u00e1lidos, ligera","ulteriori_informazioni":"Posibilidad de combinar con el indicador de nivel para controlar el agua presente en la reserva de la maceta y las ruedas para facilitar los desplazamientos de las macetas m\u00e1s pesadas.","nota":"","ambienti":[342],"loghi":false,"correlati":[7709,7711,7712,7713,7562,7595],"foto":[39971,39983,40002,40013,40024,40043,40056,40066,40072,40083,40094],"video":0,"custom_order":""}},"_links":{"self":[{"href":"https:\/\/www.teraitaly.com\/es\/wp-json\/wp\/v2\/products\/12023","targetHints":{"allow":["GET"]}}],"collection":[{"href":"https:\/\/www.teraitaly.com\/es\/wp-json\/wp\/v2\/products"}],"about":[{"href":"https:\/\/www.teraitaly.com\/es\/wp-json\/wp\/v2\/types\/products"}],"wp:featuredmedia":[{"embeddable":true,"href":"https:\/\/www.teraitaly.com\/es\/wp-json\/wp\/v2\/media\/25977"}],"wp:attachment":[{"href":"https:\/\/www.teraitaly.com\/es\/wp-json\/wp\/v2\/media?parent=12023"}],"wp:term":[{"taxonomy":"collections","embeddable":true,"href":"https:\/\/www.teraitaly.com\/es\/wp-json\/wp\/v2\/collections?post=12023"},{"taxonomy":"ambienti","embeddable":true,"href":"https:\/\/www.teraitaly.com\/es\/wp-json\/wp\/v2\/collections?post=12023"},{"taxonomy":"materiali","embeddable":true,"href":"https:\/\/www.teraitaly.com\/es\/wp-json\/wp\/v2\/collections?post=12023"},{"taxonomy":"colori","embeddable":true,"href":"https:\/\/www.teraitaly.com\/es\/wp-json\/wp\/v2\/collections?post=12023"},{"taxonomy":"design","embeddable":true,"href":"https:\/\/www.teraitaly.com\/es\/wp-json\/wp\/v2\/collections?post=12023"},{"taxonomy":"loghi","embeddable":true,"href":"https:\/\/www.teraitaly.com\/es\/wp-json\/wp\/v2\/loghi?post=12023"}],"curies":[{"name":"wp","href":"https:\/\/api.w.org\/{rel}","templated":true}]}}

<p>¿Te gustaría cultivar fruta y verdura en autonomía y a km cero? Trama ¡es el diseño que se adapta a ti! Déjate inspirar y estimula tus sentidos dedicándote a tu pasión por el huerto incluso, y sobre toso, si vives en la ciudad. El impacto positivo la jardinería y el cultivo tienen en tu espíritu y en tu cuerpo dona un efecto terapéutico y ayuda a mitigar estrés y presiones cotidianas.</p>
<p> Las macetas y las jardineras Trama son fáciles de montar gracias al sistema de encaje. Te bastará enganchar entre ellos los componentes siguiendo las instrucciones presentes en el interior de la caja. Si no será suficiente podrás hacerte ayudar con el vídeo tutorial presente en nuestro canal youtube Tera  Recycled Pots.<br />
 Trama cuenta con reserva de agua: una rejilla posicionada en el fondo de la maceta que recoge el agua excedente y la transfiere a la planta por ósmosis. Podrás combinar el indicador de nivel para controlar el nivel del agua presente en la reserva y añadir las ruedas retráctiles para facilitar los desplazamientos incluso de las macetas más grandes.<br />
 ¿La superficie en el suelo no es perfectamente recta? No te preocupes: cada modelo Trama está dotado de cuatro pies de regulación que ayudan a corregir el posicionamiento de la maceta en cualquier tipo de superficie.</p>

PLÁSTICO

¿Te gustaría cultivar fruta y verdura en autonomía y a km cero? Trama ¡es el diseño que se adapta a ti! Déjate inspirar y estimula tus sentidos dedicándote a tu pasión por el huerto incluso, y sobre toso, si vives en la ciudad. El impacto positivo la jardinería y el cultivo tienen en tu espíritu y en tu cuerpo dona un efecto terapéutico y ayuda a mitigar estrés y presiones cotidianas.
 
 Las macetas y las jardineras Trama son fáciles de montar gracias al sistema de encaje. Te bastará enganchar entre ellos los componentes siguiendo las instrucciones presentes en el interior de la caja. Si no será suficiente podrás hacerte ayudar con el vídeo tutorial presente en nuestro canal youtube Tera  Recycled Pots.
 Trama cuenta con reserva de agua: una rejilla posicionada en el fondo de la maceta que recoge el agua excedente y la transfiere a la planta por ósmosis. Podrás combinar el indicador de nivel para controlar el nivel del agua presente en la reserva y añadir las ruedas retráctiles para facilitar los desplazamientos incluso de las macetas más grandes.
 ¿La superficie en el suelo no es perfectamente recta? No te preocupes: cada modelo Trama está dotado de cuatro pies de regulación que ayudan a corregir el posicionamiento de la maceta en cualquier tipo de superficie.

reciclable, uso interiores, resistente a bajas temperaturas y en los períodos más cálidos, ligera

Posibilidad de combinar con el indicador de nivel para controlar el agua presente en la reserva de la maceta y las ruedas para facilitar los desplazamientos de las macetas más pesadas.
