{"id":11953,"date":"2024-06-06T16:38:35","date_gmt":"2024-06-06T14:38:35","guid":{"rendered":"https:\/\/tera.nooostaging.com\/prodotti\/paros-balcony-support\/"},"modified":"2024-06-12T17:30:31","modified_gmt":"2024-06-12T15:30:31","slug":"paros-balcony-support","status":"publish","type":"products","link":"https:\/\/www.teraitaly.com\/es\/prodotti\/paros-balcony-support\/","title":{"rendered":"PAROS BALCONY SUPPORT"},"content":{"rendered":"<p>Paros Balcony Support de Tera te ayudar\u00e1 a llenar tu balc\u00f3n con \u00a1las bellezas de la naturaleza! El kit de metal est\u00e1 dise\u00f1ado para colgar el macetero Paros de forma pr\u00e1ctica y segura en tu balc\u00f3n.<\/p>\n","protected":false},"excerpt":{"rendered":"<p>Kit de metal para colgar la jardinera Paros en tu balc\u00f3n.<\/p>\n","protected":false},"featured_media":0,"template":"","collections":[709],"loghi":[],"class_list":["post-11953","products","type-products","status-publish","hentry","collections-accessories-es","ambienti-outdoor-es","design-tera-es"],"acf":{"prodotto_fede":{"prodotto":[{"sku":"10929000000","nome":"PAROS BALCONY SUPPORT 405060","collezione":"ACCESSORIES","materiale":"","descrizione":"Paros Balcony Support de Tera te ayudar\u00e1 a llenar tu balc\u00f3n con \u00a1las bellezas de la naturaleza! El kit de metal est\u00e1 dise\u00f1ado para colgar el macetero Paros de forma pr\u00e1ctica y segura en tu balc\u00f3n.","colore":"","pack":"405060","lunghezza":"","profondita":"","altezza":"","litri":"","adatto_per":""}],"elementi_descrittivi":"","ulteriori_informazioni":"","nota":"","ambienti":[342],"loghi":false,"correlati":[7639,7569,7641,7638,7715,7614],"foto":[54258,54273,54288,54303],"video":"","custom_order":""}},"_links":{"self":[{"href":"https:\/\/www.teraitaly.com\/es\/wp-json\/wp\/v2\/products\/11953","targetHints":{"allow":["GET"]}}],"collection":[{"href":"https:\/\/www.teraitaly.com\/es\/wp-json\/wp\/v2\/products"}],"about":[{"href":"https:\/\/www.teraitaly.com\/es\/wp-json\/wp\/v2\/types\/products"}],"wp:attachment":[{"href":"https:\/\/www.teraitaly.com\/es\/wp-json\/wp\/v2\/media?parent=11953"}],"wp:term":[{"taxonomy":"collections","embeddable":true,"href":"https:\/\/www.teraitaly.com\/es\/wp-json\/wp\/v2\/collections?post=11953"},{"taxonomy":"ambienti","embeddable":true,"href":"https:\/\/www.teraitaly.com\/es\/wp-json\/wp\/v2\/collections?post=11953"},{"taxonomy":"materiali","embeddable":true,"href":"https:\/\/www.teraitaly.com\/es\/wp-json\/wp\/v2\/collections?post=11953"},{"taxonomy":"colori","embeddable":true,"href":"https:\/\/www.teraitaly.com\/es\/wp-json\/wp\/v2\/collections?post=11953"},{"taxonomy":"design","embeddable":true,"href":"https:\/\/www.teraitaly.com\/es\/wp-json\/wp\/v2\/collections?post=11953"},{"taxonomy":"loghi","embeddable":true,"href":"https:\/\/www.teraitaly.com\/es\/wp-json\/wp\/v2\/loghi?post=11953"}],"curies":[{"name":"wp","href":"https:\/\/api.w.org\/{rel}","templated":true}]}}

<p>Paros Balcony Support de Tera te ayudará a llenar tu balcón con ¡las bellezas de la naturaleza! El kit de metal está diseñado para colgar el macetero Paros de forma práctica y segura en tu balcón.</p>

<p>Kit de metal para colgar la jardinera Paros en tu balcón.</p>

Paros Balcony Support de Tera te ayudará a llenar tu balcón con ¡las bellezas de la naturaleza! El kit de metal está diseñado para colgar el macetero Paros de forma práctica y segura en tu balcón.
